 -55526?
-55621
In base 3, what is 110110000 + -2?
110102221
In base 16, what is 5c6 - -ab?
671
In base 5, what is -14040 - 2402?
-21442
In base 6, what is 2241 - -334?
3015
In base 3, what is -1211102 + -210201?
-2122010
In base 16, what is 11d06 - -5?
11d0b
In base 14, what is 23c055 + 0?
23c055
In base 15, what is 7d524 + -3?
7d521
In base 9, what is 43 + -1051?
-1007
In base 12, what is -9 - 12550?
-12559
In base 2, what is 101 + 10000110011011?
10000110100000
In base 7, what is 104 + 36120?
36224
In base 12, what is -1375 - -3?
-1372
In base 6, what is 5115523 - -15?
5115542
In base 16, what is -1a5 + a59?
8b4
In base 11, what is 768 - 20?
748
In base 9, what is 15 + 1?
16
In base 2, what is 110010 - -10000010111000101?
10000010111110111
In base 14, what is 1373c - 3?
13739
In base 7, what is 62 - 421064?
-421002
In base 12, what is -3 + 297521?
29751a
In base 9, what is 382 + 14546?
15038
In base 2, what is 11111001100000 + 10001001?
11111011101001
In base 11, what is -140984 + 26?
-140959
In base 4, what is -22120 - 23?
-22203
In base 4, what is 1232 + 3023?
10321
In base 4, what is -2 - 22002101?
-22002103
In base 11, what is 7527 + 4?
7530
In base 16, what is -146c - 63?
-14cf
In base 4, what is 222 - -11103312?
11110200
In base 16, what is -37 - -9b?
64
In base 16, what is -746 - -332?
-414
In base 9, what is -208 + 37875?
37666
In base 5, what is -2343 - -41?
-2302
In base 3, what is 20002210000 - 112?
20002202111
In base 4, what is -1 + 1022322012?
1022322011
In base 11, what is -30 + 19a54?
19a24
In base 10, what is -2 + -24771?
-24773
In base 4, what is -30311 + -3003?
-33320
In base 11, what is -5356333 + 4?
-535632a
In base 11, what is -4 + -458a0?
-458a4
In base 4, what is 102030 - -3300?
111330
In base 14, what is 1796 - -29?
17c1
In base 3, what is -10 + 2002212?
2002202
In base 2, what is -100 - -1001111111010100001?
1001111111010011101
In base 7, what is 1351406 + -1?
1351405
In base 16, what is c7 - -35f5?
36bc
In base 3, what is -110211111 - -1?
-110211110
In base 5, what is -1220243 - -34?
-1220204
In base 11, what is 227086 + -2?
227084
In base 16, what is 5 - -7e?
83
In base 16, what is -12 - f24?
-f36
In base 3, what is -100221200 - -12?
-100221111
In base 13, what is -5751 - a?
-575b
In base 16, what is 57f48 + 5?
57f4d
In base 13, what is -15 + -1406?
-141b
In base 15, what is 13 - 7c3?
-7b0
In base 12, what is 602 + -1b6?
408
In base 9, what is 2621 - 33?
2577
In base 13, what is -7cb1 - 33?
-8014
In base 8, what is 11545 + 10?
11555
In base 4, what is -12031101 + 2?
-12031033
In base 4, what is -2 - -101133220?
101133212
In base 10, what is 6 + 220610?
220616
In base 12, what is 2094 + -2a3?
19b1
In base 15, what is -729 - -77?
-6a2
In base 4, what is 222 + -103110?
-102222
In base 6, what is 1015 + 4300?
5315
In base 15, what is -ac1a + 0?
-ac1a
In base 15, what is -2119 - -4b?
-20bd
In base 5, what is -11 - 421020?
-421031
In base 8, what is -6 + 526725?
526717
In base 11, what is 61633 - 5?
61629
In base 4, what is 120312021 + 13?
120312100
In base 12, what is -29a7 + 196?
-2811
In base 13, what is 7 + -6aa42?
-6aa38
In base 9, what is 0 + -43813?
-43813
In base 2, what is 110110100011 - 1011?
110110011000
In base 3, what is -12 - -212211211?
212211122
In base 5, what is -421213 - 2?
-421220
In base 12, what is -1a7 - -2?
-1a5
In base 6, what is 333410 + -11?
333355
In base 9, what is 13 - 6667?
-6654
In base 9, what is 4 - 551250?
-551245
In base 6, what is 12132411 - -23?
12132434
In base 11, what is 0 + -16639?
-16639
In base 6, what is -115042122 + -3?
-115042125
In base 14, what is -1b - -1747?
172a
In base 13, what is 2 + 5863?
5865
In base 14, what is -258 + -124?
-37c
In base 4, what is -1212221 - 1002?
-1213223
In base 12, what is 4 + -5876b?
-58767
In base 2, what is -1011001 - -111010101?
101111100
In base 6, what is -41025 + 11?
-41014
In base 5, what is 41220 + 42?
41312
In base 8, what is -166525 + -20?
-166545
In base 12, what is 4953 + -219?
4736
In base 10, what is -314149 + -3?
-314152
In base 16, what is -b614 + -6?
-b61a
In base 10, what is 1353 + 171?
1524
In base 12, what is -142 - 1329?
-146b
In base 12, what is 510 + 33ba?
390a
In base 5, what is -144043204 - 4?
-144043213
In base 15, what is -311e + -6e?
-318d
In base 6, what is 240541 + -13?
240524
In base 7, what is -14442 + -5?
-14450
In base 6, what is -44 + 14415?
14331
In base 15, what is -4 - -167e0?
167db
In base 13, what is 2 - 19379a?
-193798
In base 11, what is 4 + 16237?
16240
In base 9, what is 240348 + 3?
240352
In base 10, what is 5572934 - 1?
5572933
In base 5, what is -10122 - -43011?
32334
In base 3, what is 10212210112 + 2001?
10212212120
In base 13, what is -942 - aaa?
-171c
In base 12, what is -72290 - -1?
-7228b
In base 8, what is -10215 + 22?
-10173
In base 12, what is 0 + 6756?
6756
In base 12, what is 6 - -518556?
518560
In base 15, what is -1e + -140b?
-142a
In base 11, what is 139089 - -9?
139097
In base 8, what is -12432 + -274?
-12726
In base 11, what is -1503252 - 5?
-1503257
In base 14, what is 3c9 - -13?
3dc
In base 4, what is -211123 - 220?
-212003
In base 14, what is 11 - -22c4a?
22c5b
In base 2, what is -1001 - 1111010111?
-1111100000
In base 6, what is 5001215 + 24?
5001243
In base 9, what is 16732 + -3?
16728
In base 15, what is -2 + bb27?
bb25
In base 13, what is -1b - -c0?
a2
In base 14, what is 1d4 + -2840?
-264a
In base 4, what is 10211 - 2033?
2112
In base 8, what is -1 - -1240226?
1240225
In base 5, what is 114213 + 1330?
121043
In base 10, what is 14 - 4575?
-4561
In base 6, what is -4 + 521040?
521032
In base 16, what is -ae8 + 1?
-ae7
In base 8, what is -23164 - 25?
-23211
In base 7, what is -3351511 + -3?
-3351514
In base 3, what is -11000211 - -11121?
-10212020
In base 15, what is 1aeb + -26?
1ac5
In base 5, what is -31412 + 100?
-31312
In base 10, what is 120 + 1643?
1763
In base 4, what is -1 + -1231032?
-1231033
In base 6, what is 411104 - 5?
411055
In base 8, what is 114 + -2105?
-1771
In base 10, what is 21853 - -2?
21855
In base 4, what is -1100011 - -10?
-1100001
In base 5, what is 3343121 + 232?
3343403
In base 6, what is -3 - -2155402?
2155355
In base 11, what is 4a3 + -194?
30a
In base 13, what is -116 - 801?
-917
In base 5, what is 12113 - 43203?
-31040
In base 10, what is -7 - -41342?
41335
In base 6, what is -4 - 13030120?
-13030124
In base 13, what is 0 + -284?
-284
In base 13, what is b9032 - 1?
b9031
In base 6, what is 5441 - 150?
5251
In base 6, what is 12455514 - 5?
12455505
In base 9, what is 7 + -247536?
-247528
In base 9, what is 862 + 346?
1318
In base 11, what is -45a33 + 88?
-45956
In base 8, what is 3 - -15356?
15361
In base 13, what is -10a79 - -1?
-10a78
In base 2, what is 111011 - -10101010010?
10110001101
In base 16, what is 1 + 17586?
17587
In base 6, what is 12 + -5430324?
-5430312
In base 7, what is -613556 + -5?
-613564
In base 11, what is 32727 + -4?
32723
In base 12, what is 7 - -7839?
7844
In base 6, what is -303213 - -13?
-303200
In base 3, what is 121010120 - -1200?
121012020
In base 6, what is 10120 - 23?
10053
In base 2, what is -100 + 110010100111010100?
110010100111010000
In base 5, what is 1200143 + 3?
1200201
In base 2, what is -111 - -10111101111?
10111101000
In base 13, what is -4a + -175?
-1c2
In base 3, what is -110002201 + -20122?
-110100100
In base 12, what is -1a05680 - 0?
-1a05680
In base 9, what is 3 + 1224078?
1224082
In base 13, what is 3b5a - -49?
3ba6
In base 11, what is 12 - -53770?
53782
In base 16, what is -277 - -5c?
-21b
In base 2, what is 10110 - -1101111?
10000101
In base 8, what is 5 + 441106?
441113
In base 10, what is 143355 + 2?
143357
In base 4, what is -212222 + -200?
-213022
In base 10, what is 21416 + 4?
21420
In base 3, what is -11200 - 22211?
-111111
In base 12, what is 592b - -5?
5934
In base 11, what is -735478 + 4?
-735474
In base 12, what is -99a5 + -22?
-9a07
In base 6, what is -4122 - 55?
-4221
In base 11, what is -176 - 2237?
-2402
In base 2, what is -100101110110 - 110001?
-100110100111
In base 13, what is 2c - 88c?
-860
In base 6, what is -12203 - 152?
-12355
In base 12, what is -5a1 - 36b?
-950
In base 4, what is -321212021 + -22?
-321212103
In base 2, what is 1010010011010 + 1100100?
1010011111110
In